actor of 26789 and 1232917?
623
What is the highest common divisor of 616989 and 36?
3
Calculate the greatest common divisor of 17 and 193506682.
17
What is the highest common factor of 3519 and 1325916?
9
What is the greatest common divisor of 761991246 and 1665?
333
Calculate the greatest common divisor of 330252 and 58284.
12
What is the highest common factor of 712 and 121918252?
356
What is the highest common divisor of 54772374 and 29265?
5853
What is the highest common factor of 440 and 40148?
4
Calculate the highest common factor of 3970 and 10056580.
10
What is the highest common factor of 79932 and 2212?
4
Calculate the highest common factor of 3968 and 651328.
64
What is the greatest common divisor of 353 and 885164444?
353
What is the highest common factor of 1752296 and 948856?
664
What is the highest common factor of 210366 and 440882?
806
Calculate the greatest common factor of 266077101 and 111.
111
What is the greatest common divisor of 3853685 and 295?
5
Calculate the greatest common factor of 132786 and 11771233.
2459
What is the highest common divisor of 5032936 and 3304?
472
Calculate the greatest common divisor of 13196 and 237557691.
3299
What is the highest common factor of 5729710 and 126?
14
Calculate the greatest common factor of 20 and 7341800.
20
Calculate the highest common factor of 44874 and 64550418.
1662
What is the highest common divisor of 5845212 and 242964?
612
Calculate the greatest common divisor of 86432 and 1998.
74
What is the greatest common divisor of 1 and 2963131?
1
Calculate the highest common divisor of 494098978 and 2302.
2302
Calculate the greatest common factor of 128037 and 47775.
1911
Calculate the highest common divisor of 19356638 and 42.
14
What is the highest common factor of 229502643 and 10785?
2157
What is the highest common divisor of 710 and 2315879420?
710
What is the highest common divisor of 209862 and 5313300?
534
Calculate the highest common factor of 8520 and 4571619.
213
Calculate the highest common factor of 380014 and 51476.
1514
Calculate the highest common factor of 13443 and 267.
3
What is the greatest common factor of 973 and 86082283?
973
What is the highest common factor of 31106537 and 308?
77
What is the highest common divisor of 150 and 52766050?
50
What is the highest common divisor of 41261 and 38874?
341
What is the greatest common factor of 31688 and 344488?
136
Calculate the greatest common divisor of 5419103 and 2157.
719
What is the highest common divisor of 7 and 6456331?
7
Calculate the greatest common factor of 3684 and 30303356.
1228
What is the greatest common divisor of 336611 and 551386?
781
Calculate the greatest common divisor of 2848712 and 5429.
89
Calculate the highest common factor of 6567 and 9806322.
597
What is the greatest common divisor of 454 and 15265069?
227
What is the highest common divisor of 40400 and 80440?
40
What is the greatest common factor of 38226384 and 1120?
112
Calculate the greatest common divisor of 712 and 1810002968.
712
What is the greatest common divisor of 250 and 34909500?
250
Calculate the greatest common divisor of 433 and 30890653.
433
Calculate the highest common factor of 100 and 13603700.
100
Calculate the greatest common factor of 37676944 and 1345040.
15824
Calculate the highest common factor of 3075 and 40725.
75
What is the greatest common divisor of 522 and 3595391?
29
What is the greatest common factor of 87 and 212147905?
29
What is the greatest common factor of 244893 and 18486435?
5973
What is the highest common factor of 151698373 and 853?
853
Calculate the highest common divisor of 1139561 and 51.
17
What is the highest common factor of 321 and 21067979?
107
Calculate the greatest common factor of 44688 and 343140.
1596
Calculate the greatest common divisor of 1836 and 1618644.
12
Calculate the highest common divisor of 170 and 69054.
34
What is the highest common factor of 82614250 and 25098?
8366
Calculate the highest common factor of 459993 and 821109.
4299
Calculate the highest common factor of 4 and 293516.
4
What is the greatest common divisor of 13650 and 10910550?
1050
What is the highest common divisor of 524 and 1848495412?
524
Calculate the highest common factor of 1199 and 1319164979.
1199
Calculate the highest common factor of 65 and 1500280.
5
What is the highest common factor of 1859 and 44017233?
169
Calculate the highest common factor of 44 and 459186948.
44
What is the greatest common factor of 59536771 and 2635?
527
What is the greatest common factor of 42 and 6873902?
14
What is the highest common factor of 6789252 and 108?
12
Calculate the highest common factor of 10200 and 2999650.
850
Calculate the greatest common divisor of 331018 and 318649.
589
Calculate the greatest common divisor of 71056480 and 235.
235
Calculate the greatest common factor of 45475 and 29.
1
Calculate the highest common factor of 9 and 22827438.
9
Calculate the highest common divisor of 342 and 572121.
9
What is the highest common divisor of 188415 and 237?
237
Calculate the highest common divisor of 1961456836 and 92.
92
What is the highest common divisor of 219198 and 37002?
42
What is the highest common factor of 210 and 3067695?
15
Calculate the greatest common divisor of 749 and 10324216.
749
Calculate the greatest common divisor of 4309434 and 2232.
558
What is the highest common factor of 93 and 112632?
3
Calculate the highest common factor of 11011595 and 55.
5
Calculate the highest common divisor of 15640704 and 9216.
1152
What is the greatest common factor of 775 and 10514275?
25
What is the highest common factor of 1229737 and 41477?
1121
What is the highest common divisor of 59271845 and 62?
31
Calculate the greatest common factor of 3149 and 558037439.
3149
Calculate the highest common factor of 26780 and 24043290.
1030
What is the highest common factor of 264520593 and 12042?
6021
What is the highest common divisor of 202948 and 32544?
452
Calculate the highest common factor of 6429860 and 592.
148
What is the greatest common divisor of 15590946 and 14?
14
Calculate the greatest common factor of 200997 and 9327426.
2913
Calculate the highest common divisor of 919710 and 770.
110
What is the greatest common divisor of 7229092 and 4849?
13
What is the highest common divisor of 7256387 and 1295521?
2449
What is the greatest common factor of 50846970 and 7035?
1005
What is the highest common divisor of 5164943 and 98?
49
Calculate the highest common divisor of 55730040 and 2850.
570
Calculate the highest common divisor of 2740 and 540060.
20
What is the greatest common factor of 2306045 and 160?
5
What is the highest common divisor of 17075511 and 27?
9
What is the greatest common factor of 963399984 and 2256?
2256
What is the greatest common factor of 33718602 and 3473?
151
Calculate the highest common divisor of 112281 and 728.
13
Calculate the highest common factor of 632790 and 210.
30
What is the highest common factor of 7990 and 6526980?
170
Calculate the highest common divisor of 270 and 10386828.
18
Calculate the highest common divisor of 1456303 and 556.
139
Calculate the highest common factor of 5824 and 104409136.
208
What is the highest common factor of 22333 and 1250165?
23
What is the greatest common factor of 2501274 and 4959?
57
Calculate the highest common divisor of 1021525 and 94025.
25
What is the highest common factor of 1165617 and 261?
9
Calculate the greatest common factor of 314938734 and 2046.
2046
What is the highest common factor of 939824012 and 1228?
1228
What is the highest common factor of 100746696 and 522?
174
Calculate the greatest common divisor of 619632 and 382512.
624
Calculate the highest common factor of 824368 and 50384.
1072
Calculate the greatest common factor of 548 and 29406228.
548
What is the greatest common divisor of 494 and 9564334?
494
What is the greatest common factor of 23864 and 5024?
1256
What is the highest common factor of 328172 and 36140?
52
Calculate the greatest common divisor of 858262 and 41242.
34
Calculate the highest common factor of 1665 and 2046645.
45
Calculate the highest common divisor of 10 and 41387650.
10
Calculate the highest common divisor of 1331650 and 3175.
25
What is the highest common factor of 23 and 20917